24*k + 79. Let v be f(4). Let c(i) = -3*i**3 - 1. Give c(v).
2
Let u(d) = 2*d - 1. Let s(t) = -t**2 - 2*t + 6. Let f be s(-4). Let j be 7/f - 4/(-5 - 3). Determine u(j).
-7
Let f(m) = m + 6. Suppose -33 = 3*z - 0*z - 3*r, 4*z + 71 = -5*r. Let a = z + 11. Let d be 8/(a + -1) + 2. Determine f(d).
6
Let m(j) be the third derivative of j**8/3360 - j**7/1260 - j**6/720 + 35*j**4/24 + 20*j**2. Let r(f) be the second derivative of m(f). Determine r(-1).
-3
Let t(o) = -o + 1. Let x be (-1 - (-5)/7)*-7. Suppose x*k = -0 + 2. Let h = 0 - k. Calculate t(h).
2
Let u be (-8)/28 + (-23)/(-7). Let k(x) = 2*x + 2. Let z be k(1). Suppose -u*p + z = -2. Let a(v) = -2*v**3 + 3*v**2 - 2*v + 1. Calculate a(p).
-7
Let h(q) = -q**3 - 11*q**2 - 11*q - 5. Let u(r) = -r**2 - 5*r + 56. Let v be u(-11). Give h(v).
5
Let f(v) = -2*v - 1. Suppose 0 = -3*g + 4*k - 21, -3*g = 5*k - 5 - 1. Let z = 141 + -145. Let a = g - z. Calculate f(a).
-3
Let h be (3/6)/((-42)/168). Let l(k) be the third derivative of k**5/12 + k**4/12 - k**3/3 + k**2. Determine l(h).
14
Suppose -5*j + 5*w + 20 = 0, -2*j + 0*w + w = -7. Suppose 6*m - 7 = 17. Let k(t) = 2*t**2 + j*t + 2*t - m*t. Determine k(-2).
6
Let p(g) = g - 3. Suppose 5*d - 7*d = -10. Let j be p(d). Let q(h) = -4*h - 2. What is q(j)?
-10
Let i(q) = q**2 - 5*q - 3. Let j(d) = -d + 15. Let r be j(9). Give i(r).
3
Let m(w) be the first derivative of -w**4/12 + w**3/6 - 7*w**2/2 + w - 7. Let z(g) be the first derivative of m(g). Calculate z(0).
-7
Let m(l) = l**3 + 14*l**2 + 13*l + 1. Let d be (-56 - 5) + 2 + -3. Let z = d + 49. Determine m(z).
1
Let r(h) = h**2 + 7*h + 5. Let n = 2 - -3. Suppose 3*j + 18 = -2*g, n*j + 2*g + 43 = 3*g. Let l = -13 - j. What is r(l)?
-5
Let d(a) = -a + 6. Let w = 9 - 6. Suppose -3 = -3*o, -3*o = -m - 4 + w. Suppose f = -m*f - 2*i + 2, 3*f = 3*i - 3. Calculate d(f).
6
Let l(y) be the first derivative of -y**3/3 + 3*y**2/2 - 3*y - 178. What is l(4)?
-7
Suppose 22*a - 23*a - 4 = 0. Let s(u) = -2*u - 2*u**2 - 2*u**2 + 3*u**2 + 5. Determine s(a).
-3
Suppose 3*c - 50 = -2*c. Let f(v) = -4*v**3 - 3 - 3*v**3 + 6*v**3 + c*v**2. What is f(10)?
-3
Let d be 4/10 + (-16)/(-10). Let q be (1 - 50/(-13)) + (-4)/(-26). Suppose -3*h - 2*h + 6 = -2*a, -q*a + d*h = -27. Let w(k) = -k**2 + 9*k - 10. What is w(a)?
4
Suppose 0 = -y - a + 4, 14 = 2*y + 5*a + 9. Let v(s) be the first derivative of -s**3/3 + 2*s**2 - 2*s - 2. Determine v(y).
-7
Let w(t) = 2*t**2 + 60*t + 3. Let m be w(-30). Let o(v) = v**2 + 3*v + 1. Give o(m).
19
Let v be 1 + (-12)/3 - -3. Let j(d) = 4*d + 2. Let w be j(v). Let k(o) = -o**3 + 2*o**2 - 4*o + 2. Calculate k(w).
-6
Let p(j) = -j - 2. Suppose 8*q - 4*q - 20 = 0. Suppose 5 = -q*y - 0. What is p(y)?
-1
Suppose -2*l + 3*l = 0. Suppose 0*r + 2*a - 2 = -4*r, 5*r + 5*a + 5 = l. Let n(t) = 67 - 66 - r*t + t. Calculate n(3).
-2
Let f(g) = 250*g**2 + 255*g**2 + 250*g**2 + 254*g**2 + 9*g - 6 - 1012*g**2. What is f(3)?
-6
Let a(d) be the second derivative of d**6/120 + 2*d**5/15 - 5*d**4/12 - 5*d**3/3 - 2*d**2 + 11*d. Let w(x) be the first derivative of a(x). Give w(-9).
-1
Let f(r) = 2*r**2 + r - 1. Let q(v) = v**2 + 2*v. Let u(d) = -2*f(d) + 3*q(d). Give u(5).
-3
Let c(g) = -2*g + 27. Let d(o) = -5*o + 57. Let t(p) = -9*c(p) + 4*d(p). Determine t(-7).
-1
Suppose -3*u = -5*s - 53, 5*u = s + 3*s + 110. Let a(b) = -7*b + 21 + b - u. Determine a(-4).
19
Let m be (0 - 1)/(4/(-28)). Suppose -m*v = -4*v - 3*r - 6, -3*v + 1 = 2*r. Let l(k) = k + 2. Let s(j) = -6*j - 11. Let g(n) = -11*l(n) - 2*s(n). Calculate g(v).
1
Suppose -o = -5*o + 2*r - 12, 5*o + 4*r = -2. Let h(a) = -a**3 - a**2 - 2*a - 1. Give h(o).
7
Let q(b) = -b - 1. Suppose 0 = 4*i - 32 - 16. Let r = 13 - i. Let v(f) = 6*f + 5. Let m(y) = r*v(y) + 5*q(y). Determine m(-6).
-6
Let o(c) be the second derivative of 0 - 45*c + c**3 + 1/12*c**4 - 4*c**2. Calculate o(-7).
-1
Let r(y) = y**3 + 2*y**2 - 4*y + 6. Let a(g) = -g**3 - 3*g**2 + 4*g - 6. Let n(d) = -5*a(d) - 4*r(d). Give n(-8).
-26
Suppose -17 = 3*y + 71*f - 73*f, -y = -2*f + 7. Let n = -5 + 5. Let b(i) = 2 - 2*i + i**2 - 2*i**2 + n*i**2. Give b(y).
-13
Let b be 1*-6 + 5*6/30. Let f(a) = -a**2 + 3*a - 1. Let k be f(2). Let t(o) = -4*o + k + o + 4*o - 2*o. What is t(b)?
6
Let m(n) = n**2 - 5*n - 2. Suppose -4 = -c - 2. Suppose -5*t + 35 = 3*f, -c*t - 2*t + 31 = 3*f. What is m(f)?
-2
Let z = -7 - -15. Let l = z + -7. Let b = -3 + l. Let f(u) = -u + 2. What is f(b)?
4
Suppose -21 = 6*j - 9*j. Let v be (j + (-2 - 0))*1. Let l(h) = -3 - 2 - 1 + h. Calculate l(v).
-1
Let f(p) = -p**2 + p + 1. Let v(h) be the first derivative of 5*h**2/2 - 2*h + 8. Let j be v(1). Calculate f(j).
-5
Suppose 3*a = v - 3*v + 9, 4*a = 2*v - 2. Suppose -3*w = -9, -v*r - w + 9 = w. Let p(q) = -2*q**2 - q + 1. Give p(r).
-2
Let t(r) = -5*r + 8. Let a(h) = 7*h - 17. Let l(m) = 6*a(m) + 13*t(m). Give l(-2).
48
Let m be ((10/3)/(-5))/(2/114). Let t = m + 35. Let o(b) = b**2 + 3*b + 3. What is o(t)?
3
Let f(l) be the second derivative of -l**4/12 - 2*l**3/3 - 3*l**2/2 + 63*l. What is f(-3)?
0
Let n(w) = w**3 + 5*w**2 - 3*w + 20. Let r be n(-6). Let j(i) = -2*i**r + 123*i**3 - 4*i - 7 - 124*i**3 + 8*i**2. Calculate j(5).
-2
Suppose 0 = 10*a + 18 + 12. Let g(z) = 3*z. Calculate g(a).
-9
Let n be (-8 - 35/(-3)) + (-3)/(-9). Let h(a) = -2*a**2 + 11*a - 22. Give h(n).
-10
Let v(s) = 13*s - 14. Let j(o) = 18*o - 21. Let c(t) = -5*j(t) + 7*v(t). Calculate c(-10).
-3
Let l(k) be the third derivative of -k**5/60 + k**4/24 + k**2. Let a(q) = 5*q**2 - 7. Let g(j) = -a(j) - 6*l(j). Let w = 1018 - 1013. Calculate g(w).
2
Let f(k) = 0*k**3 + 90*k + 2*k**2 + 2 - 42*k - 45*k - 4 - k**3. Give f(4).
-22
Let f(d) be the first derivative of -2*d**2 + 6*d + 232. What is f(4)?
-10
Suppose t + 0*v + v = 6, -3*v = -3*t. Let q(a) be the first derivative of -a**3/3 + a**2 - 3*a - 13231. What is q(t)?
-6
Let y(o) = 2*o**2 + 2*o - 5. Suppose -3 = 2*u + u + f, 0 = -5*f - 15. What is y(u)?
-5
Suppose 40 = 7*r - 2*r. Let o(i) = 3 - i**2 - 2*i + 2*i**2 - 9*i + 2*i. Let m be o(r). Let w(x) = x - 3. Determine w(m).
-8
Let d(i) = 310*i - 929. Let k be d(3). Let p(g) = 19*g - 10. Determine p(k).
9
Let x(r) = -14*r + 1. Let b be ((0 - -3) + -3)/1. Suppose b = -9*k + 9 - 0. Determine x(k).
-13
Let h be 6/(-9)*(-4 - -1). Let i(z) be the third derivative of -z**6/120 + z**5/60 + z**4/24 - z**3/6 + 118*z**2. What is i(h)?
-3
Suppose 5*j = -64 + 24. Let c(p) = -p**3 - 9*p**2 - 9*p - 4. Determine c(j).
4
Let a(s) be the first derivative of -s**3/6 + 4*s**2 + 8*s + 10. Let h(y) be the first derivative of a(y). What is h(7)?
1
Let r(c) = c**2. Let h(i) = -3*i**2 + 6*i + 14. Let m(n) = h(n) + 2*r(n). What is m(7)?
7
Let a(j) = -2*j - 2. Let i be a(3). Let g(k) = -k**2 - 9*k + 5. Determine g(i).
13
Let o = -558 - -1083. Let g(t) = t**3 + 525*t - o*t - 2 + t**2 + 0. What is g(0)?
-2
Let g be -1 + -2 + (1 - 5). Let k(b) = -2*b**2 - 3*b + 6. Let l(u) = u**2 + u - 3. Let p(d) = g*l(d) - 4*k(d). Let f = -3 + -1. Give p(f).
-7
Let z(u) = -u - 1. Let n be z(0). Let q(i) = 7*i**3 + 9*i**2 - i - 3. Let d(f) = -3*f**3 - 5*f**2 + f + 2. Let j(s) = -5*d(s) - 3*q(s). Calculate j(n).
5
Suppose -4*i - 2*y + 14 = 0, -6 + 25 = 5*i + 3*y. Suppose 27*h = 32*h. Let o(l) = 5 + h*l**2 + 6*l - l**2 + 2*l**i. Give o(-6).
5
Let p(b) be the first derivative of 3*b**2 - b + 39. Let u(v) = -v**2 + 7*v - 7. Let x be u(6). Give p(x).
-7
Suppose 2*d + 5 = -o, 3*d - 4*d - 4 = 0. Let n(f) = 1 - o*f - 1 - 2 - 5*f. Give n(2).
-18
Let f(m) = m + 3. Suppose -2*k = 0, 54*a + 5*k + 6 = 56*a. Give f(a).
6
Let i(h) be the first derivative of 0*h**2 - 1/3*h**3 - 13 + 0*h. Calculate i(2).
-4
Let w(s) = -10*s - 10 + 8 + 22*s - 8 + s**2. Give w(-12).
-10
Let s(u) = -u**2 + 8*u - 8. Let y = 1108 + -1102. Determine s(y).
4
Let i(q) = q - 1. Let d(z) = -z**3 - 4*z**2 + 3*z + 14. Let a be d(-3). What is i(a)?
-5
Let n(v) = v**2 + 9*v. Let l = -122 - -118. Determine n(l).
-20
Let c(w) = 5*w - 13. Suppose 4*k - k - 3*q = 27, -k = 2*q - 3. Calculate c(k).
22
Let p be ((-12)/(-42))/((-60)/(-105)). Let z(v) be the first derivative of 1/4*v**4 + 13*v - p*v**2 + 4 + 1/3*v**3. Determine z(0).
13
Suppose -5*y + 2*i + 2 + 1 = 0, -4 = -4*i. Let a(h) = h**3 + 1. Let p(k) = 4*k**3 - 5*k**2 + 3*k + 1. Let w(s) = y*p(s) - 3*a(s). Calculate w(4